{"id":91,"date":"2016-03-24T11:39:01","date_gmt":"2016-03-24T11:39:01","guid":{"rendered":"http:\/\/wp.local\/?page_id=91"},"modified":"2024-06-11T13:44:58","modified_gmt":"2024-06-11T13:44:58","slug":"szallaslehetoseg","status":"publish","type":"page","link":"https:\/\/bekk.edu.hu\/new\/index.php\/szallaslehetoseg\/","title":{"rendered":"Sz\u00e1ll\u00e1slehet\u0151s\u00e9g"},"content":{"rendered":"<header class=\"entry-header\">\n<h1 class=\"entry-title\">\u00a0<\/h1>\n<\/header>\n<div class=\"entry-content\">\n<p>Tisztelt \u00c9rdekl\u0151d\u0151k!<\/p>\n<p>A\u00a0<strong>Budapesti Egyes\u00edtett K\u00f6z\u00e9piskolai Koll\u00e9giumban<\/strong>\u00a0egy\u00e9ni el\u0151zetes egyeztet\u00e9st k\u00f6vet\u0151 enged\u00e9lyez\u00e9s ut\u00e1n van arra lehet\u0151s\u00e9g, hogy a Budapestre l\u00e1togat\u00f3 csoportok megsz\u00e1llhassanak.<\/p>\n<p><strong>1149 Budapest, Mogyor\u00f3di \u00fat. 19.<\/strong>, valamint a\u00a0<strong>1149 Budapest, Mogyor\u00f3di \u00fat. 21.<\/strong> sz\u00e1m alatt tal\u00e1lhat\u00f3 \u00e9p\u00fcleteinkbe foglalhatnak sz\u00e1ll\u00e1st.<\/p>\n<p>El\u0151zetes egyeztet\u00e9st k\u00f6vet\u0151en ig\u00e9nyelhetnek sz\u00e1ll\u00e1st pl. sportversenyekre, oszt\u00e1lykir\u00e1ndul\u00e1sra, egy\u00e9b rendezv\u00e9nyekre \u00e9rkez\u0151 csoportok.<\/p>\n<p><em>Vend\u00e9geink\u00a0elhelyez\u00e9se 4 \u00e1gyas szob\u00e1kban t\u00f6rt\u00e9nik.<\/em><\/p>\n<p><strong>Sz\u00e1ll\u00e1s ig\u00e9ny jelz\u00e9se \u00e9s folyamata:<\/strong><\/p>\n<p>K\u00e9rem, alaposan olvassa \u00e1t az al\u00e1bbi t\u00e1j\u00e9koztat\u00e1st az esetleges f\u00e9lre\u00e9rt\u00e9sek elker\u00fcl\u00e9se \u00e9rdek\u00e9ben. <strong>T\u00e1j\u00e9koztatom, hogy egy h\u00e9ten bel\u00fcli id\u0151pontra nem \u00e1ll m\u00f3dunkban foglal\u00e1si ig\u00e9nyt befogadni.\u00a0<\/strong><\/p>\n<p>\u00cdr\u00e1sban (e-mailben) sz\u00fcks\u00e9ges jelezni a sz\u00e1ll\u00e1sfoglal\u00e1s tervezett id\u0151pontj\u00e1t, id\u0151tartam\u00e1t, a sz\u00e1ll\u00f3vend\u00e9gek l\u00e9tsz\u00e1m\u00e1t, a nemek ar\u00e1ny\u00e1t, a kapcsolattart\u00f3 min\u0151s\u00e9g\u00e9t \u00e9s el\u00e9rhet\u0151s\u00e9g\u00e9t a <a href=\"mailto:kollegiumszallas@gmail.com\">kollegiumszallas@gmail.com<\/a> e-mail c\u00edmre.<\/p>\n<p>Minden esetben visszajelz\u00fcnk. Amennyiben tudjuk fogadni a csoportot, kik\u00fcldj\u00fck a szerz\u0151d\u00e9s el\u0151k\u00e9sz\u00edt\u00e9s\u00e9hez sz\u00fcks\u00e9ges nyomtatv\u00e1nyokat a koll\u00e9gium vend\u00e9gekre is vonatkoz\u00f3 H\u00e1zirendj\u00e9vel, \u00e9s minden egy\u00e9b t\u00e1j\u00e9koztat\u00f3val egy\u00fctt.\u00a0<\/p>\n<p>\u00c9tkez\u00e9st is ig\u00e9nybe vehetnek sz\u00e1ll\u00f3vend\u00e9geink. Ilyen ir\u00e1ny\u00fa ig\u00e9nyeiket is jelezz\u00e9k id\u0151ben, mert a koll\u00e9giumt\u00f3l f\u00fcggetlen szolg\u00e1ltat\u00f3 biztos\u00edtja az ell\u00e1t\u00e1st, k\u00f6zvetlen\u00fcl vel\u00fck kell egyeztetni ez \u00fcgyben.\u00a0<\/p>\n<p>\u00c9rkez\u00e9s el\u0151tti h\u00e9ten van m\u00e9g lehet\u0151s\u00e9g l\u00e9tsz\u00e1mok pontos\u00edt\u00e1s\u00e1ra, ha sz\u00fcks\u00e9ges. A szerz\u0151d\u00e9sben meghat\u00e1rozott l\u00e9tsz\u00e1mt\u00f3l elt\u00e9rni kiz\u00e1r\u00f3lag l\u00e9tsz\u00e1mcs\u00f6kken\u00e9s eset\u00e9n van lehet\u0151s\u00e9g.\u00a0<\/p>\n<p>A sz\u00e1ll\u00e1sd\u00edj kiegyenl\u00edt\u00e9se kiz\u00e1r\u00f3lag \u00e1tutal\u00e1ssal t\u00f6rt\u00e9nhet, a vend\u00e9gek t\u00e1voz\u00e1s\u00e1t k\u00f6vet\u0151en k\u00e9sz\u00fclt sz\u00e1mla alapj\u00e1n.<\/p>\n<p><strong>K\u00e9rd\u00e9seikkel keressenek benn\u00fcnket az al\u00e1bbi el\u00e9rhet\u0151s\u00e9geinken:<\/strong><\/p>\n<p>Tel: 06-1\/606-7120;\u00a0<br \/>e-mail: <a href=\"mailto:kollegiumszallas@gmail.com\">kollegiumszallas@gmail.com<\/a>\u00a0<\/p>\n<p>\u00a0<\/p>\n<\/div>\n\n\n<div class=\"wp-block-columns\">\n<div class=\"wp-block-column\" style=\"flex-basis:25%\"><\/div>\n\n\n\n<div class=\"wp-block-column\" style=\"flex-basis:50%\"><\/div>\n\n\n\n<div class=\"wp-block-column\" style=\"flex-basis:25%\"><\/div>\n<\/div>\n\n\n\n<p><\/p>\n","protected":false},"excerpt":{"rendered":"<p>\u00a0 Tisztelt \u00c9rdekl\u0151d\u0151k! A\u00a0Budapesti Egyes\u00edtett K\u00f6z\u00e9piskolai Koll\u00e9giumban\u00a0egy\u00e9ni el\u0151zetes egyeztet\u00e9st k\u00f6vet\u0151 enged\u00e9lyez\u00e9s ut\u00e1n van arra lehet\u0151s\u00e9g, hogy a Budapestre l\u00e1togat\u00f3 csoportok megsz\u00e1llhassanak. 1149 Budapest, Mogyor\u00f3di \u00fat. 19., valamint a\u00a01149 Budapest, Mogyor\u00f3di&#8230; <a href=\"https:\/\/bekk.edu.hu\/new\/index.php\/szallaslehetoseg\/\">Read more &raquo;<\/a><\/p>\n","protected":false},"author":1,"featured_media":0,"parent":0,"menu_order":0,"comment_status":"closed","ping_status":"closed","template":"","meta":[],"_links":{"self":[{"href":"https:\/\/bekk.edu.hu\/new\/index.php\/wp-json\/wp\/v2\/pages\/91"}],"collection":[{"href":"https:\/\/bekk.edu.hu\/new\/index.php\/wp-json\/wp\/v2\/pages"}],"about":[{"href":"https:\/\/bekk.edu.hu\/new\/index.php\/wp-json\/wp\/v2\/types\/page"}],"author":[{"embeddable":true,"href":"https:\/\/bekk.edu.hu\/new\/index.php\/wp-json\/wp\/v2\/users\/1"}],"replies":[{"embeddable":true,"href":"https:\/\/bekk.edu.hu\/new\/index.php\/wp-json\/wp\/v2\/comments?post=91"}],"version-history":[{"count":9,"href":"https:\/\/bekk.edu.hu\/new\/index.php\/wp-json\/wp\/v2\/pages\/91\/revisions"}],"predecessor-version":[{"id":508,"href":"https:\/\/bekk.edu.hu\/new\/index.php\/wp-json\/wp\/v2\/pages\/91\/revisions\/508"}],"wp:attachment":[{"href":"https:\/\/bekk.edu.hu\/new\/index.php\/wp-json\/wp\/v2\/media?parent=91"}],"curies":[{"name":"wp","href":"https:\/\/api.w.org\/{rel}","templated":true}]}}

Szálláslehetőség

<header class="entry-header">
<h1 class="entry-title"> </h1>
</header>
<div class="entry-content">
<p>Tisztelt Érdeklődők!</p>
<p>A <strong>Budapesti Egyesített Középiskolai Kollégiumban</strong> egyéni előzetes egyeztetést követő engedélyezés után van arra lehetőség, hogy a Budapestre látogató csoportok megszállhassanak.</p>
<p><strong>1149 Budapest, Mogyoródi út. 19.</strong>, valamint a <strong>1149 Budapest, Mogyoródi út. 21.</strong> szám alatt található épületeinkbe foglalhatnak szállást.</p>
<p>Előzetes egyeztetést követően igényelhetnek szállást pl. sportversenyekre, osztálykirándulásra, egyéb rendezvényekre érkező csoportok.</p>
<p><em>Vendégeink elhelyezése 4 ágyas szobákban történik.</em></p>
<p><strong>Szállás igény jelzése és folyamata:</strong></p>
<p>Kérem, alaposan olvassa át az alábbi tájékoztatást az esetleges félreértések elkerülése érdekében. <strong>Tájékoztatom, hogy egy héten belüli időpontra nem áll módunkban foglalási igényt befogadni. </strong></p>
<p>Írásban (e-mailben) szükséges jelezni a szállásfoglalás tervezett időpontját, időtartamát, a szállóvendégek létszámát, a nemek arányát, a kapcsolattartó minőségét és elérhetőségét a <a href="mailto:kollegiumszallas@gmail.com">kollegiumszallas@gmail.com</a> e-mail címre.</p>
<p>Minden esetben visszajelzünk. Amennyiben tudjuk fogadni a csoportot, kiküldjük a szerződés előkészítéséhez szükséges nyomtatványokat a kollégium vendégekre is vonatkozó Házirendjével, és minden egyéb tájékoztatóval együtt. </p>
<p>Étkezést is igénybe vehetnek szállóvendégeink. Ilyen irányú igényeiket is jelezzék időben, mert a kollégiumtól független szolgáltató biztosítja az ellátást, közvetlenül velük kell egyeztetni ez ügyben. </p>
<p>Érkezés előtti héten van még lehetőség létszámok pontosítására, ha szükséges. A szerződésben meghatározott létszámtól eltérni kizárólag létszámcsökkenés esetén van lehetőség. </p>
<p>A szállásdíj kiegyenlítése kizárólag átutalással történhet, a vendégek távozását követően készült számla alapján.</p>
<p><strong>Kérdéseikkel keressenek bennünket az alábbi elérhetőségeinken:</strong></p>
<p>Tel: 06-1/606-7120; <br />e-mail: <a href="mailto:kollegiumszallas@gmail.com">kollegiumszallas@gmail.com</a> </p>
<p> </p>
</div>


<div class="wp-block-columns">
<div class="wp-block-column" style="flex-basis:25%"></div>



<div class="wp-block-column" style="flex-basis:50%"></div>



<div class="wp-block-column" style="flex-basis:25%"></div>
</div>



<p></p>

<p>  Tisztelt Érdeklődők! A Budapesti Egyesített Középiskolai Kollégiumban egyéni előzetes egyeztetést követő engedélyezés után van arra lehetőség, hogy a Budapestre látogató csoportok megszállhassanak. 1149 Budapest, Mogyoródi út. 19., valamint a 1149 Budapest, Mogyoródi&#8230; <a href="https://bekk.edu.hu/new/index.php/szallaslehetoseg/">Read more &raquo;</a></p>
