{"id":87,"date":"2025-03-07T09:32:01","date_gmt":"2025-03-07T09:32:01","guid":{"rendered":"http:\/\/wp.local\/?page_id=87"},"modified":"2026-02-10T07:11:37","modified_gmt":"2026-02-10T07:11:37","slug":"bekk-versenyek","status":"publish","type":"page","link":"https:\/\/bekk.edu.hu\/new\/index.php\/bekk-versenyek\/","title":{"rendered":"BEKK Versenyek"},"content":{"rendered":"<p>A tan\u00e9v sor\u00e1n meghirdetett versenyeink felh\u00edv\u00e1sa l\u00e1that\u00f3 ezen az oldalon:<\/p>\n\n\n<p><a rel=\"noreferrer noopener\" href=\"https:\/\/bekk.edu.hu\/new\/index.php\/%pagename%\/\" target=\"_blank\">T<\/a><a href=\"https:\/\/bekk.edu.hu\/new\/?page_id=581\">\u00f6rt\u00e9nelem verseny 2026<\/a><\/p>\n\n\n\n<p><a href=\"https:\/\/bekk.edu.hu\/new\/index.php\/eu-foldrajza-2026\/\">Eur\u00f3pa f\u00f6ldrajza verseny 2026<\/a><\/p>\n","protected":false},"excerpt":{"rendered":"<p>A tan\u00e9v sor\u00e1n meghirdetett versenyeink felh\u00edv\u00e1sa l\u00e1that\u00f3 ezen az oldalon: T\u00f6rt\u00e9nelem verseny 2026 Eur\u00f3pa f\u00f6ldrajza verseny 2026<\/p>\n","protected":false},"author":1,"featured_media":0,"parent":0,"menu_order":0,"comment_status":"closed","ping_status":"closed","template":"","meta":[],"_links":{"self":[{"href":"https:\/\/bekk.edu.hu\/new\/index.php\/wp-json\/wp\/v2\/pages\/87"}],"collection":[{"href":"https:\/\/bekk.edu.hu\/new\/index.php\/wp-json\/wp\/v2\/pages"}],"about":[{"href":"https:\/\/bekk.edu.hu\/new\/index.php\/wp-json\/wp\/v2\/types\/page"}],"author":[{"embeddable":true,"href":"https:\/\/bekk.edu.hu\/new\/index.php\/wp-json\/wp\/v2\/users\/1"}],"replies":[{"embeddable":true,"href":"https:\/\/bekk.edu.hu\/new\/index.php\/wp-json\/wp\/v2\/comments?post=87"}],"version-history":[{"count":26,"href":"https:\/\/bekk.edu.hu\/new\/index.php\/wp-json\/wp\/v2\/pages\/87\/revisions"}],"predecessor-version":[{"id":726,"href":"https:\/\/bekk.edu.hu\/new\/index.php\/wp-json\/wp\/v2\/pages\/87\/revisions\/726"}],"wp:attachment":[{"href":"https:\/\/bekk.edu.hu\/new\/index.php\/wp-json\/wp\/v2\/media?parent=87"}],"curies":[{"name":"wp","href":"https:\/\/api.w.org\/{rel}","templated":true}]}}