{"id":85,"date":"2016-03-24T11:38:25","date_gmt":"2016-03-24T11:38:25","guid":{"rendered":"http:\/\/wp.local\/?page_id=85"},"modified":"2025-07-23T16:50:52","modified_gmt":"2025-07-23T16:50:52","slug":"diakelet","status":"publish","type":"page","link":"https:\/\/bekk.edu.hu\/new\/index.php\/diakelet\/","title":{"rendered":"Di\u00e1k\u00e9let"},"content":{"rendered":"\n<p>Az elm\u00falt \u00e9vek terhelt id\u0151szaka (kovid) sajn\u00e1latos m\u00f3don nagy hat\u00e1ssal volt a di\u00e1ks\u00e1g k\u00f6z\u00f6ss\u00e9gi \u00e9let\u00e9re is. Koll\u00e9g\u00e1immal egy\u00fctt folyamatosan er\u0151fesz\u00edt\u00e9seket tesz\u00fcnk annak \u00e9rdek\u00e9ben, hogy a megszokott \u00e9s kedvelt k\u00f6z\u00f6ss\u00e9gi programokat vissza\u00e9p\u00edts\u00fck a mindennapokba.&nbsp;<\/p>\n\n\n\n<p>Koll\u00e9gist\u00e1ink v\u00e1ltozatos programokon vehetnek r\u00e9szt, a D\u00d6K is javasolhat k\u00fcl\u00f6nf\u00e9le rendezv\u00e9nyeket, amelyek szint\u00e9n a koll\u00e9gista \u00e9let\u00e9t hivatottak sz\u00ednes\u00edteni.&nbsp;<\/p>\n\n\n\n<p>Ebben a tan\u00e9vben k\u00e9sz\u00fclt egy felm\u00e9r\u00e9s arr\u00f3l, hogyan \u00e9rzik magukat a di\u00e1kok ebben a koll\u00e9giumban. Arr\u00f3l is k\u00e9rdezt\u00fck koll\u00e9gist\u00e1inkat, milyennek l\u00e1tj\u00e1k int\u00e9zm\u00e9ny\u00fcnket. K\u00e9rem, tekintse meg az adatokb\u00f3l k\u00e9sz\u00edtett \u00f6sszefoglal\u00f3t az al\u00e1bbi <a href=\"https:\/\/bekk.edu.hu\/new\/index.php\/felmeres-2025\/\" data-type=\"URL\" data-id=\"https:\/\/bekk.edu.hu\/new\/index.php\/felmeres-2025\/\">linken<\/a>. Sok di\u00e1k (145 f\u0151) visszak\u00fcldte v\u00e1laszait, ez\u00e9rt nagyon j\u00f3, reprezentat\u00edv felm\u00e9r\u00e9st k\u00e9sz\u00edthett\u00fck. <\/p>\n\n\n\n<p>Ha \u00e9rdekl\u0151dik a koll\u00e9gium ir\u00e1nt, k\u00e9rem tekintse meg int\u00e9zm\u00e9ny\u00fcnk Facebook oldal\u00e1t is. https:\/\/www.facebook.com\/bekkoli\/?locale=hu_HU<\/p>\n\n\n\n<p><\/p>\n\n\n\n<p>Vir\u00e1gh Krisztina <\/p>\n\n\n\n<p>int\u00e9zm\u00e9nyvezet\u0151<\/p>\n","protected":false},"excerpt":{"rendered":"<p>Az elm\u00falt \u00e9vek terhelt id\u0151szaka (kovid) sajn\u00e1latos m\u00f3don nagy hat\u00e1ssal volt a di\u00e1ks\u00e1g k\u00f6z\u00f6ss\u00e9gi \u00e9let\u00e9re is. Koll\u00e9g\u00e1immal egy\u00fctt folyamatosan er\u0151fesz\u00edt\u00e9seket tesz\u00fcnk annak \u00e9rdek\u00e9ben, hogy a megszokott \u00e9s kedvelt k\u00f6z\u00f6ss\u00e9gi programokat&#8230; <a href=\"https:\/\/bekk.edu.hu\/new\/index.php\/diakelet\/\">Read more &raquo;<\/a><\/p>\n","protected":false},"author":1,"featured_media":0,"parent":0,"menu_order":0,"comment_status":"closed","ping_status":"closed","template":"","meta":[],"_links":{"self":[{"href":"https:\/\/bekk.edu.hu\/new\/index.php\/wp-json\/wp\/v2\/pages\/85"}],"collection":[{"href":"https:\/\/bekk.edu.hu\/new\/index.php\/wp-json\/wp\/v2\/pages"}],"about":[{"href":"https:\/\/bekk.edu.hu\/new\/index.php\/wp-json\/wp\/v2\/types\/page"}],"author":[{"embeddable":true,"href":"https:\/\/bekk.edu.hu\/new\/index.php\/wp-json\/wp\/v2\/users\/1"}],"replies":[{"embeddable":true,"href":"https:\/\/bekk.edu.hu\/new\/index.php\/wp-json\/wp\/v2\/comments?post=85"}],"version-history":[{"count":5,"href":"https:\/\/bekk.edu.hu\/new\/index.php\/wp-json\/wp\/v2\/pages\/85\/revisions"}],"predecessor-version":[{"id":661,"href":"https:\/\/bekk.edu.hu\/new\/index.php\/wp-json\/wp\/v2\/pages\/85\/revisions\/661"}],"wp:attachment":[{"href":"https:\/\/bekk.edu.hu\/new\/index.php\/wp-json\/wp\/v2\/media?parent=85"}],"curies":[{"name":"wp","href":"https:\/\/api.w.org\/{rel}","templated":true}]}}