{"id":782,"date":"2026-08-31T13:29:57","date_gmt":"2026-08-31T13:29:57","guid":{"rendered":"https:\/\/bekk.edu.hu\/new\/?page_id=782"},"modified":"2026-08-31T13:29:57","modified_gmt":"2026-08-31T13:29:57","slug":"okoiskola","status":"publish","type":"page","link":"https:\/\/bekk.edu.hu\/new\/index.php\/okoiskola\/","title":{"rendered":"\u00d6koiskola"},"content":{"rendered":"\n<div class=\"wp-block-image is-style-default\"><figure class=\"alignleft size-medium\"><a href=\"http:\/\/bekk.edu.hu\/new\/wp-content\/uploads\/2026\/08\/Okoiskola-oklevel.pdf\"><img loading=\"lazy\" width=\"211\" height=\"300\" src=\"https:\/\/bekk.edu.hu\/new\/wp-content\/uploads\/2026\/08\/okoiskola_oklevel-211x300.png\" alt=\"\" class=\"wp-image-783\" srcset=\"https:\/\/bekk.edu.hu\/new\/wp-content\/uploads\/2026\/08\/okoiskola_oklevel-211x300.png 211w, https:\/\/bekk.edu.hu\/new\/wp-content\/uploads\/2026\/08\/okoiskola_oklevel.png 604w\" sizes=\"(max-width: 211px) 100vw, 211px\" \/><\/a><\/figure><\/div>\n\n\n\n<pre class=\"wp-block-preformatted\">Koll\u00e9giumunk 2026-ban adott be p\u00e1ly\u00e1zatot \u00d6koiskola c\u00edm elnyer\u00e9s\u00e9re. A p\u00e1ly\u00e1zat ki\u00edr\u00f3ja a rendk\u00edv\u00fcl magas szakmai sz\u00ednvonal\u00fa p\u00e1lyamunk\u00e1k k\u00f6z\u00fcl a Budapesti Egyes\u00edtett K\u00f6z\u00e9piskolai Koll\u00e9giumot is \u00e9rdemesnek \u00edt\u00e9lte a c\u00edm haszn\u00e1lat\u00e1ra az elk\u00f6vetkez\u0151 3 tan\u00e9vben. \nA c\u00edm azoknak a nevel\u00e9si-oktat\u00e1si int\u00e9zm\u00e9nyeknek az elismer\u00e9se, amelyek \u00e1tgondoltan foglalkoznak a k\u00f6rnyezettudatoss\u00e1g \u00e9s a fentarthat\u00f3 fogyaszt\u00e1s gyakorlati megval\u00f3s\u00edt\u00e1s\u00e1val, a k\u00f6rnyezeti nevel\u00e9ssel, eg\u00e9szs\u00e9gmeg\u0151rz\u00e9ssel.\nKoll\u00e9giumunk a kezdetekt\u0151l elhivatott a mind k\u00f6rnyezet- \u00e9s kl\u00edmatudatosabb gondolkod\u00e1s mellett. Koll\u00e9gist\u00e1ink sz\u00e1m\u00e1ra a tan\u00e9v eg\u00e9sz\u00e9ben, term\u00e9szetesen a Fenntarthat\u00f3s\u00e1gi T\u00e9mah\u00e9t alatt is, sz\u00e1mos programot k\u00edn\u00e1lunk, amelyek hozz\u00e1j\u00e1rulnak koll\u00e9gist\u00e1ink tudatoss\u00e1g\u00e1nak n\u00f6vel\u00e9s\u00e9hez.\nAz \u00d6koiskola c\u00edm visel\u00e9se megtisztel\u0151 mind az int\u00e9zm\u00e9ny vezet\u00e9se, mind a pedag\u00f3gusok sz\u00e1m\u00e1ra. <\/pre>\n","protected":false},"excerpt":{"rendered":"<p>Koll\u00e9giumunk 2026-ban adott be p\u00e1ly\u00e1zatot \u00d6koiskola c\u00edm elnyer\u00e9s\u00e9re. A p\u00e1ly\u00e1zat ki\u00edr\u00f3ja a rendk\u00edv\u00fcl magas szakmai sz\u00ednvonal\u00fa p\u00e1lyamunk\u00e1k k\u00f6z\u00fcl a Budapesti Egyes\u00edtett K\u00f6z\u00e9piskolai Koll\u00e9giumot is \u00e9rdemesnek \u00edt\u00e9lte a c\u00edm haszn\u00e1lat\u00e1ra az&#8230; <a href=\"https:\/\/bekk.edu.hu\/new\/index.php\/okoiskola\/\">Read more &raquo;<\/a><\/p>\n","protected":false},"author":4,"featured_media":0,"parent":0,"menu_order":0,"comment_status":"closed","ping_status":"closed","template":"","meta":[],"_links":{"self":[{"href":"https:\/\/bekk.edu.hu\/new\/index.php\/wp-json\/wp\/v2\/pages\/782"}],"collection":[{"href":"https:\/\/bekk.edu.hu\/new\/index.php\/wp-json\/wp\/v2\/pages"}],"about":[{"href":"https:\/\/bekk.edu.hu\/new\/index.php\/wp-json\/wp\/v2\/types\/page"}],"author":[{"embeddable":true,"href":"https:\/\/bekk.edu.hu\/new\/index.php\/wp-json\/wp\/v2\/users\/4"}],"replies":[{"embeddable":true,"href":"https:\/\/bekk.edu.hu\/new\/index.php\/wp-json\/wp\/v2\/comments?post=782"}],"version-history":[{"count":1,"href":"https:\/\/bekk.edu.hu\/new\/index.php\/wp-json\/wp\/v2\/pages\/782\/revisions"}],"predecessor-version":[{"id":785,"href":"https:\/\/bekk.edu.hu\/new\/index.php\/wp-json\/wp\/v2\/pages\/782\/revisions\/785"}],"wp:attachment":[{"href":"https:\/\/bekk.edu.hu\/new\/index.php\/wp-json\/wp\/v2\/media?parent=782"}],"curies":[{"name":"wp","href":"https:\/\/api.w.org\/{rel}","templated":true}]}}

Ökoiskola

<div class="wp-block-image is-style-default"><figure class="alignleft size-medium"><a href="http://bekk.edu.hu/new/wp-content/uploads/2026/08/Okoiskola-oklevel.pdf"><img loading="lazy" width="211" height="300" src="https://bekk.edu.hu/new/wp-content/uploads/2026/08/okoiskola_oklevel-211x300.png" alt="" class="wp-image-783" srcset="https://bekk.edu.hu/new/wp-content/uploads/2026/08/okoiskola_oklevel-211x300.png 211w, https://bekk.edu.hu/new/wp-content/uploads/2026/08/okoiskola_oklevel.png 604w" sizes="(max-width: 211px) 100vw, 211px" /></a></figure></div>



<pre class="wp-block-preformatted">Kollégiumunk 2026-ban adott be pályázatot Ökoiskola cím elnyerésére. A pályázat kiírója a rendkívül magas szakmai színvonalú pályamunkák közül a Budapesti Egyesített Középiskolai Kollégiumot is érdemesnek ítélte a cím használatára az elkövetkező 3 tanévben. 
A cím azoknak a nevelési-oktatási intézményeknek az elismerése, amelyek átgondoltan foglalkoznak a környezettudatosság és a fentartható fogyasztás gyakorlati megvalósításával, a környezeti neveléssel, egészségmegőrzéssel.
Kollégiumunk a kezdetektől elhivatott a mind környezet- és klímatudatosabb gondolkodás mellett. Kollégistáink számára a tanév egészében, természetesen a Fenntarthatósági Témahét alatt is, számos programot kínálunk, amelyek hozzájárulnak kollégistáink tudatosságának növeléséhez.
Az Ökoiskola cím viselése megtisztelő mind az intézmény vezetése, mind a pedagógusok számára. </pre>

<p>Kollégiumunk 2026-ban adott be pályázatot Ökoiskola cím elnyerésére. A pályázat kiírója a rendkívül magas szakmai színvonalú pályamunkák közül a Budapesti Egyesített Középiskolai Kollégiumot is érdemesnek ítélte a cím használatára az&#8230; <a href="https://bekk.edu.hu/new/index.php/okoiskola/">Read more &raquo;</a></p>
