{"id":648,"date":"2025-07-23T16:48:27","date_gmt":"2025-07-23T16:48:27","guid":{"rendered":"https:\/\/bekk.edu.hu\/new\/?page_id=648"},"modified":"2025-07-23T16:48:27","modified_gmt":"2025-07-23T16:48:27","slug":"felmeres-2025","status":"publish","type":"page","link":"https:\/\/bekk.edu.hu\/new\/index.php\/felmeres-2025\/","title":{"rendered":"Felm\u00e9r\u00e9s 2025"},"content":{"rendered":"\n<p><strong>Felm\u00e9r\u00e9s a di\u00e1ks\u00e1g k\u00f6r\u00e9ben<\/strong><\/p>\n\n\n\n<p>Ebben a tan\u00e9vben a koll\u00e9gist\u00e1ink v\u00e9lem\u00e9ny\u00e9t k\u00e9rtem egy teljesen n\u00e9vtelen, semmif\u00e9le adatot \u2013 f\u0151k\u00e9nt azonos\u00edt\u00e1sra alkalmas szem\u00e9lyes adatot &#8211; nem gy\u0171jt\u0151 k\u00e9rd\u0151\u00edv seg\u00edts\u00e9g\u00e9vel. A felm\u00e9r\u00e9s c\u00e9ljak\u00e9nt a koll\u00e9giumr\u00f3l \u00e9s a di\u00e1kok saj\u00e1t nevel\u0151tan\u00e1raikr\u00f3l alkotott v\u00e9lem\u00e9ny\u00e9nek megismer\u00e9s\u00e9t t\u0171ztem ki.<\/p>\n\n\n\n<p>Sz\u00e1nd\u00e9kosan id\u0151z\u00edtettem a tan\u00edt\u00e1si \u00e9v v\u00e9g\u00e9re a felm\u00e9r\u00e9st: ekkorra m\u00e1r az els\u0151 \u00e9ves di\u00e1koknak is kialakul a v\u00e9lem\u00e9nye mind az int\u00e9zm\u00e9nyr\u0151l, mind saj\u00e1t nevel\u0151tan\u00e1r\u00e1r\u00f3l. Ez\u00faton is k\u00f6sz\u00f6n\u00f6m, hogy maximum 5 percben kit\u00f6lt\u00f6tt\u00e9k ezt a k\u00e9rd\u0151\u00edvet, ezzel seg\u00edtve a munk\u00e1nkat. &nbsp;<\/p>\n\n\n\n<p>A felm\u00e9r\u00e9sre 145 v\u00e1lasz \u00e9rkezett, amely a tan\u00edt\u00e1si \u00e9v v\u00e9g\u00e9hez ennyire k\u00f6zel nagyon j\u00f3nak sz\u00e1m\u00edt. A l\u00e1nyok t\u00f6lt\u00f6tt\u00e9k ki kevesebben, t\u0151l\u00fck 63 v\u00e1lasz \u00e9rkezett, m\u00edg a fi\u00fak 82-en jeleztek vissza.<\/p>\n\n\n\n<figure class=\"wp-block-image size-full\"><img loading=\"lazy\" width=\"947\" height=\"400\" src=\"https:\/\/bekk.edu.hu\/new\/wp-content\/uploads\/2025\/07\/image-1.png\" alt=\"\" class=\"wp-image-649\" srcset=\"https:\/\/bekk.edu.hu\/new\/wp-content\/uploads\/2025\/07\/image-1.png 947w, https:\/\/bekk.edu.hu\/new\/wp-content\/uploads\/2025\/07\/image-1-300x127.png 300w, https:\/\/bekk.edu.hu\/new\/wp-content\/uploads\/2025\/07\/image-1-768x324.png 768w, https:\/\/bekk.edu.hu\/new\/wp-content\/uploads\/2025\/07\/image-1-624x264.png 624w\" sizes=\"(max-width: 947px) 100vw, 947px\" \/><\/figure>\n\n\n\n<p>A nevel\u0151tan\u00e1r neve volt az egyetlen azonos\u00edt\u00e1si pont, amely alapj\u00e1n \u00e9p\u00fcletben \u00e9s szinten elhelyezhet\u0151v\u00e9 v\u00e1lt a v\u00e1laszad\u00f3k visszajelz\u00e9se. Di\u00e1kjaink nevel\u0151tan\u00e1raik nev\u00e9t t\u00f6bbf\u00e9lek\u00e9pp adt\u00e1k meg, amely a sz\u0171r\u00e9sn\u00e9l ig\u00e9nyelt t\u00f6bb figyelmet.<\/p>\n\n\n\n<p>A k\u00f6vetkez\u0151 k\u00e9rd\u00e9s arra vonatkozott, hogy a v\u00e1laszad\u00f3 di\u00e1k mennyi id\u0151t t\u00f6lt\u00f6tt el eddig a Budapesti Egyes\u00edtett K\u00f6z\u00e9piskolai Koll\u00e9giumban. A legt\u00f6bb visszajelz\u00e9st az els\u0151 \u00e9ves koll\u00e9gist\u00e1inkt\u00f3l kaptuk (65 f\u0151), \u00e1m szint\u00e9n kimagasl\u00f3 sz\u00e1m\u00fa v\u00e1lasz \u00e9rkezett a m\u00e1sodik \u00e9v\u00fcket is BEKK-esk\u00e9nt meg\u00e9lt fiatalokt\u00f3l (46 f\u0151).<\/p>\n\n\n\n<figure class=\"wp-block-image size-full\"><img loading=\"lazy\" width=\"752\" height=\"452\" src=\"https:\/\/bekk.edu.hu\/new\/wp-content\/uploads\/2025\/07\/image-2.png\" alt=\"\" class=\"wp-image-650\" srcset=\"https:\/\/bekk.edu.hu\/new\/wp-content\/uploads\/2025\/07\/image-2.png 752w, https:\/\/bekk.edu.hu\/new\/wp-content\/uploads\/2025\/07\/image-2-300x180.png 300w, https:\/\/bekk.edu.hu\/new\/wp-content\/uploads\/2025\/07\/image-2-624x375.png 624w\" sizes=\"(max-width: 752px) 100vw, 752px\" \/><\/figure>\n\n\n\n<p>A diagramon megjelenik az is, hogy a h\u00e1romt\u00f3l hat \u00e9vig koll\u00e9gistak\u00e9nt a BEKK-et v\u00e1laszt\u00f3k is sz\u00e9p sz\u00e1mban k\u00e9pviseltetik magukat, s 2 di\u00e1kunk 6 \u00e9ve, m\u00edg 1 di\u00e1kunk 9 \u00e9ve koll\u00e9gist\u00e1nk. A 9. tan\u00e9v\u00e9t itt t\u00f6lt\u0151 fiatalr\u00f3l elmondhat\u00f3, hogy k\u00f6z\u00e9piskolai \u00e9veit \u00e9s az azt k\u00f6vet\u0151 szakmai k\u00e9pz\u00e9se teljes id\u0151tartam\u00e1t is int\u00e9zm\u00e9ny\u00fcnk falai k\u00f6z\u00f6tt \u00e9lte meg.<\/p>\n\n\n\n<p>Sz\u00edvmelenget\u0151 ilyen visszajelz\u00e9seket kapni, mert ez azt jelenti, hogy az adott fiatalok hossz\u00fa \u00e9veken \u00e1t j\u00f3l \u00e9rzik magukat a koll\u00e9giumunkban.<\/p>\n\n\n\n<p>Nagyon fontosnak tartom, hogy a fiatalok ne csak elt\u00f6lts\u00e9k valahogyan \u00e9veiket a koll\u00e9giumban, de j\u00f3l is \u00e9rezz\u00e9k magukat. &nbsp;<\/p>\n\n\n\n<figure class=\"wp-block-image size-full\"><img loading=\"lazy\" width=\"947\" height=\"400\" src=\"https:\/\/bekk.edu.hu\/new\/wp-content\/uploads\/2025\/07\/image-3.png\" alt=\"\" class=\"wp-image-651\" srcset=\"https:\/\/bekk.edu.hu\/new\/wp-content\/uploads\/2025\/07\/image-3.png 947w, https:\/\/bekk.edu.hu\/new\/wp-content\/uploads\/2025\/07\/image-3-300x127.png 300w, https:\/\/bekk.edu.hu\/new\/wp-content\/uploads\/2025\/07\/image-3-768x324.png 768w, https:\/\/bekk.edu.hu\/new\/wp-content\/uploads\/2025\/07\/image-3-624x264.png 624w\" sizes=\"(max-width: 947px) 100vw, 947px\" \/><\/figure>\n\n\n\n<p>A v\u00e1laszad\u00f3k t\u00f6bbs\u00e9ge j\u00f3l \u00e9rzi itt mag\u00e1t: 74 f\u0151 j\u00f3l, 27 ink\u00e1bb j\u00f3l. 39 di\u00e1knak vannak j\u00f3 \u00e9s rosszabb napjai, s mind\u00f6ssze 5 di\u00e1k \u00e9rzi mag\u00e1t kev\u00e9sb\u00e9 j\u00f3l, vagy nem j\u00f3l. Ennek ok\u00e1ra is k\u00edv\u00e1ncsi voltam, \u00edgy arra is r\u00e1k\u00e9rdeztem.<\/p>\n\n\n\n<p>A visszajelz\u00e9sek alapj\u00e1n nem j\u00f3 a hangulat 3 di\u00e1kunk szerint, akik hangot adtak er\u0151teljes v\u00e9lem\u00e9ny\u00fcknek nevel\u0151tan\u00e1ruk int\u00e9zm\u00e9nyb\u0151l t\u00f6rt\u00e9nt t\u00e1voz\u00e1sa miatt. Olyan r\u00e9szletess\u00e9ggel, sz\u00f3k\u00e9szlettel megfogalmazott mindh\u00e1rom jelz\u00e9s, mely a t\u00f6bbi 142 v\u00e1laszt\u00f3l nagy m\u00e9rt\u00e9kben elt\u00e9r.<\/p>\n\n\n\n<p>Sz\u00e1mos indokot felsoroltak m\u00e9g di\u00e1kjaink: ketten jelezt\u00e9k, hogy kev\u00e9s sz\u00e1mukra az alv\u00e1ssal t\u00f6lt\u00f6tt id\u0151. Vannak, akiknek honv\u00e1gya van, akad, aki a teljes egyed\u00fcll\u00e9t hi\u00e1ny\u00e1t nehezm\u00e9nyezi, s olyan di\u00e1k is akad, aki mag\u00e1n\u00fcgye miatt \u00e9rezte a kit\u00f6lt\u00e9s pillanat\u00e1ban rosszul mag\u00e1t. N\u00e9h\u00e1nyan azt jelezt\u00e9k, hogy az esti hangos zene, zajong\u00e1s \u00e1ll a komfort\u00e9rzet\u00fck cs\u00f6kken\u00e9se m\u00f6g\u00f6tt.<\/p>\n\n\n\n<p>Erre a k\u00e9rd\u00e9sre azokt\u00f3l a di\u00e1kokt\u00f3l v\u00e1rtam v\u00e1laszt, akik valamely okn\u00e1l fogva nem \u00e9rzik j\u00f3l magukat, a ki\u00e9rt\u00e9kel\u00e9s sor\u00e1n azt tapasztaltam, hogy 10 di\u00e1k, aki j\u00f3l \u00e9rzi itt mag\u00e1t, ezt itt is jelezte, meger\u0151s\u00edtette.<\/p>\n\n\n\n<p>Az egyik legizgalmasabb k\u00e9rd\u00e9s k\u00f6vetkezett:<\/p>\n\n\n\n<figure class=\"wp-block-image size-full\"><img loading=\"lazy\" width=\"947\" height=\"400\" src=\"https:\/\/bekk.edu.hu\/new\/wp-content\/uploads\/2025\/07\/image-4.png\" alt=\"\" class=\"wp-image-652\" srcset=\"https:\/\/bekk.edu.hu\/new\/wp-content\/uploads\/2025\/07\/image-4.png 947w, https:\/\/bekk.edu.hu\/new\/wp-content\/uploads\/2025\/07\/image-4-300x127.png 300w, https:\/\/bekk.edu.hu\/new\/wp-content\/uploads\/2025\/07\/image-4-768x324.png 768w, https:\/\/bekk.edu.hu\/new\/wp-content\/uploads\/2025\/07\/image-4-624x264.png 624w\" sizes=\"(max-width: 947px) 100vw, 947px\" \/><\/figure>\n\n\n\n<p>117 di\u00e1k jelezte, hogy j\u00f3 a kapcsolata nevel\u0151tan\u00e1r\u00e1val, m\u00edg \u00f6sszesen 3 di\u00e1k jelzett nem annyira j\u00f3, vagy nem j\u00f3 kapcsolatot. Hat di\u00e1kunk t\u00e1j\u00e9koztatott arr\u00f3l, hogy nincs igaz\u00e1n kapcsolata nevel\u0151tan\u00e1r\u00e1val. K\u00f6z\u00fcl\u00fck h\u00e1rman a t\u00e1voz\u00e1sra k\u00e9nyszer\u00fclt koll\u00e9gan\u0151 csoportj\u00e1ba tartoztak, ez szerintem nem \u00e9rdemel t\u00f6bb elemz\u00e9st. Ar\u00e1nyiban kiv\u00e1l\u00f3 ez a visszajelz\u00e9s: tudjuk, hogy olyan nincs, hogy mindenki mindennel el\u00e9gedett legyen, ennek ellen\u00e9re t\u00f6reksz\u00fcnk a maxim\u00e1lis j\u00f3ll\u00e9t biztos\u00edt\u00e1s\u00e1ra.<\/p>\n\n\n\n<p>K\u00e9rtem kifejteni, hogy mi\u00e9rt j\u00f3\/rossz a nevel\u0151tan\u00e1r\u00e1val di\u00e1kjaink kapcsolata, melyre az al\u00e1bbi v\u00e1laszok \u00e9rkeztek a teljess\u00e9g ig\u00e9nye n\u00e9lk\u00fcl.<\/p>\n\n\n\n<p><em>J\u00f3 a kapcsolat a nevel\u0151tan\u00e1rral, mert\u2026<\/em><\/p>\n\n\n\n<ul><li><em>nagyon kedves, odafigyel\u0151, mosolyg\u00f3s, j\u00f3kedv\u0171, nagyon rendes<\/em><\/li><li><em>j\u00f3l tudunk egy\u00fcttm\u0171k\u00f6dni<\/em><\/li><li><em>b\u00e1rmiben sz\u00e1m\u00edthatunk r\u00e1juk, \u00e9s b\u00e1rmiben seg\u00edtenek, \u00e9s kedves emberek<\/em><\/li><li><em>kedvesek, meg\u00e9rt\u0151ek, seg\u00edt\u0151k\u00e9szek<\/em><\/li><li><em>szigor\u00fa, viszont ezt megk\u00f6veteli a koll\u00e9giumi l\u00e9t<\/em><\/li><li><em>t\u00e1mogat\u00f3<\/em><\/li><li><em>&nbsp;sokszor besz\u00e9lget\u00fcnk az adott napr\u00f3l, vagy b\u00e1rmi m\u00e1sr\u00f3l<\/em><\/li><li><em>j\u00f3, mert ha van valamilyen probl\u00e9m\u00e1m tudunk besz\u00e9lni r\u00f3la, vagy legal\u00e1bb 1 l\u00e9p\u00e9ssel el\u0151r\u00e9bb jutok annak megold\u00e1s\u00e1ban<\/em><\/li><li><em>b\u00e1rmikor tudok k\u00e9rdezni t\u0151le \u00e9s j\u00f3 vele besz\u00e9lgetni<\/em><\/li><li><em>meghallgat, mindig keresi a megold\u00e1st, mindig mosolyog, ha nincs j\u00f3 napom, felvid\u00edt egyb\u0151l<\/em><\/li><li><em>nagyon seg\u00edt\u0151k\u00e9sz, m\u00e1sodik anyuka<\/em><\/li><li><em>rugalmasan \u00e1ll a dolgokhoz<\/em><\/li><li><em>nagyon sokat foglalkozik vel\u00fcnk, mind a lelki eg\u00e9szs\u00e9g\u00fcnkkel, tanulm\u00e1nyainkkal, \u00e9rezhet\u0151en szeret minket, amit ki is fejez a csoport \u00f3r\u00e1in<\/em><\/li><li><em>j\u00f3l viszonyul a di\u00e1kokhoz<\/em><\/li><li><em>k\u00f6zvetlen szem\u00e9lyis\u00e9g<\/em><\/li><li><em>\u00e9rdekli a v\u00e9lem\u00e9nyem, korrekt<\/em><\/li><li><em>b\u00e1rmir\u0151l ny\u00edltan tudunk besz\u00e9lgetni, legyen sz\u00f3 ak\u00e1r tanul\u00e1sr\u00f3l, ak\u00e1r szem\u00e9lyes dolgokr\u00f3l<\/em><\/li><li><em>seg\u00edt\u0151k\u00e9sz, mindig ott van, amikor sz\u00fcks\u00e9gem van r\u00e1<\/em><\/li><\/ul>\n\n\n\n<p><em>Nem annyira van kapcsolatom vele, mert\u2026<\/em><\/p>\n\n\n\n<ul><li><em>sz\u00e1momra nem igaz\u00e1n szimpatikus<\/em><\/li><li><em>keveset tal\u00e1lkozunk<\/em><\/li><li><em>miattam<\/em><\/li><\/ul>\n\n\n\n<figure class=\"wp-block-image size-full\"><img loading=\"lazy\" width=\"947\" height=\"400\" src=\"https:\/\/bekk.edu.hu\/new\/wp-content\/uploads\/2025\/07\/image-5.png\" alt=\"\" class=\"wp-image-653\" srcset=\"https:\/\/bekk.edu.hu\/new\/wp-content\/uploads\/2025\/07\/image-5.png 947w, https:\/\/bekk.edu.hu\/new\/wp-content\/uploads\/2025\/07\/image-5-300x127.png 300w, https:\/\/bekk.edu.hu\/new\/wp-content\/uploads\/2025\/07\/image-5-768x324.png 768w, https:\/\/bekk.edu.hu\/new\/wp-content\/uploads\/2025\/07\/image-5-624x264.png 624w\" sizes=\"(max-width: 947px) 100vw, 947px\" \/><\/figure>\n\n\n\n<p>A fenti diagram alapj\u00e1n 61 di\u00e1k v\u00e1rja el nevel\u0151tan\u00e1r\u00e1t\u00f3l, hogy seg\u00edtse \u0151t a tananyag feldolgoz\u00e1s\u00e1ban, 29-en k\u00e9rik arra, hogy keressen sz\u00e1mukra megfelel\u0151 korrepet\u00e1l\u00f3 tan\u00e1rt int\u00e9zm\u00e9nyen bel\u00fcl. Heten k\u00e9rik, hogy k\u00f6telezze \u0151ket tanul\u00f3szobai foglalkoz\u00e1sra, mert \u00fagy jobban tanulnak. A t\u00f6bbi v\u00e1lasz 1-1 di\u00e1k visszajelz\u00e9s\u00e9t t\u00fckr\u00f6zi, k\u00f6z\u00fcl\u00fck n\u00e9h\u00e1nyat felsorolok: n\u00e9h\u00e1ny tant\u00e1rgyban seg\u00edtsen, ami nem megy j\u00f3l, hagyjon egyed\u00fcl tanulni, mert \u00fagy tudok jobban k\u00e9sz\u00fclni, hagyjon \u00f6n\u00e1ll\u00f3sodni, s 30 di\u00e1k nem v\u00e1r el semmit tanulm\u00e1nyai seg\u00edt\u00e9s\u00e9hez.<\/p>\n\n\n\n<figure class=\"wp-block-image size-full\"><img loading=\"lazy\" width=\"947\" height=\"400\" src=\"https:\/\/bekk.edu.hu\/new\/wp-content\/uploads\/2025\/07\/image-6.png\" alt=\"\" class=\"wp-image-654\" srcset=\"https:\/\/bekk.edu.hu\/new\/wp-content\/uploads\/2025\/07\/image-6.png 947w, https:\/\/bekk.edu.hu\/new\/wp-content\/uploads\/2025\/07\/image-6-300x127.png 300w, https:\/\/bekk.edu.hu\/new\/wp-content\/uploads\/2025\/07\/image-6-768x324.png 768w, https:\/\/bekk.edu.hu\/new\/wp-content\/uploads\/2025\/07\/image-6-624x264.png 624w\" sizes=\"(max-width: 947px) 100vw, 947px\" \/><\/figure>\n\n\n\n<p>A fenti diagram mutatja, mit ig\u00e9nyelnek nevel\u0151tan\u00e1raikt\u00f3l koll\u00e9gist\u00e1ink, mire v\u00e1gynak a vel\u00fck fenn\u00e1ll\u00f3 kapcsolatukban.<\/p>\n\n\n\n<p>Vannak, akik semmit nem szeretn\u00e9nek, m\u00edg m\u00e1sok t\u00f6r\u0151d\u00e9st, t\u00e1mogat\u00e1st, meg\u00e9rt\u00e9st, tan\u00e1csot, stb. Nagyon hasonl\u00f3 v\u00e1laszok \u00e9rkeztek arra a k\u00e9rd\u00e9sre, hogy milyennek tal\u00e1lja nevel\u0151tan\u00e1r\u00e1t, mint arra, hogy milyen a kapcsolata a nevel\u0151tan\u00e1r\u00e1val. Itt csak azokat ismertetem, melyek elt\u00e9rnek az el\u0151z\u0151ekt\u0151l:<\/p>\n\n\n\n<ul><li><em>sok t\u00e9m\u00e1ban t\u00e1j\u00e9kozott, lehet r\u00e1 sz\u00e1m\u00edtani<\/em><\/li><li><em>\u00e9rdekl\u0151dik fel\u0151lem, sokszor akkor is, ha l\u00e1tja, nem k\u00edv\u00e1nom a t\u00e1rsas\u00e1got<\/em><\/li><li><em>nagyon aranyos, t\u00e9nyleg mindig seg\u00edts\u00e9g\u00fcnkre van<\/em><\/li><li><em>odafigyel\u0151, sz\u00e1m\u00edthatok r\u00e1<\/em><\/li><li><em>figyel a j\u00f3 k\u00f6z\u00e9rzetemre \u00e9s hogy minden rendben e velem<\/em><\/li><li><em>nagyon j\u00f3 nevel\u0151tan\u00e1r<\/em><\/li><li><em>mindig lehet r\u00e1 sz\u00e1m\u00edtani, jobbat nem adhattak volna<\/em><\/li><li><em>figyelmes, amikor valami lelki probl\u00e9m\u00e1m van, \u0151 ezt l\u00e1tja \u00e9s besz\u00e9l velem.&nbsp; Ha \u00e9ppen nincs semmi probl\u00e9m\u00e1m akkor is nagyon sz\u00edvesen besz\u00e9lget velem, \u00e9s nagyon seg\u00edt\u0151k\u00e9sz.<\/em><\/li><li><em>n\u00e1la val\u00f3sz\u00edn\u0171leg nincs jobb nevel\u0151tan\u00e1r a koll\u00e9giumban<\/em><\/li><li><em>meg\u00e9rt\u0151, nyitott minden besz\u00e9lget\u00e9sre<\/em><\/li><li><em>t\u00fcrelmes, j\u00f3 indulat\u00fa<\/em><\/li><li><em>Nem k\u00f6tekszik velem, a lehet\u0151 legnorm\u00e1lisabbnak tartom, f\u0151leg \u00fagy hogy voltak m\u00e1s kolib\u00f3l ismer\u0151seim, akiknek volt mit mes\u00e9lni, hogy m\u00e1s kolikb\u00f3l hogyan b\u00e1nnak a nevel\u0151tan\u00e1rok a gyerekekkel.<\/em><\/li><li><em>Mindig \u00e9rdekli, hogy mi van velem. minden \u00fcgyben azonnal szeretne seg\u00edteni \u00e9s teljesen \u0151szinte.<\/em><\/li><li><em>tanult<\/em><\/li><li><em>hatalmas p\u00e9ldak\u00e9p<\/em><\/li><li><em>nevel\u0151tan\u00e1rom \u00e9s k\u00f6ztem nagy az \u00e9letkorbeli k\u00fcl\u00f6nbs\u00e9g, m\u00e1s gener\u00e1ci\u00f3 szeml\u00e9let\u00e9t, \u00e9rt\u00e9krendj\u00e9t k\u00e9pviseli, n\u00e9ha emiatt nem tal\u00e1ljuk a k\u00f6z\u00f6s hangot, m\u00e9g ha mindketten teljesen j\u00f3 sz\u00e1nd\u00e9kkal is k\u00f6zeled\u00fcnk egym\u00e1shoz<\/em><\/li><li><em>fontosnak tartja, hogy jelezzem, mikor hol vagyok, ami sz\u00e1momra fontos.<\/em><\/li><li><em>motiv\u00e1l a tanul\u00e1sra<\/em><\/li><li><em>XY-t a lehet\u0151 legjobbnak tartom. Sokszor csak merengek azon, hogy mennyire szerencs\u00e9s vagyok, hogy \u0151 lett a nevel\u0151tan\u00e1rom. A kisug\u00e1rz\u00e1sa m\u00e1r egy rosszabb napot is egy kicsit jobb\u00e1 tud tenni. Mindig \u00e9rdekl\u0151dik, hogy hogy \u00e9rzem magam, hogy telt a napom, kell e seg\u00edts\u00e9g valamiben \u00e9s ezek a mondatok nagyon j\u00f3l esnek nekem.<\/em><\/li><li><em>biztons\u00e1g\u00e9rzetet ad<\/em><\/li><\/ul>\n\n\n\n<p>A fenti v\u00e1laszok is jelzik, mekkora ig\u00e9nye van a mai fiataloknak arra, hogy meg\u00e9rts\u00e9k, \u00e9rt\u0151n meghallgass\u00e1k \u0151ket, \u00e9s elmondhass\u00e1k, elfogadj\u00e1k v\u00e9lem\u00e9ny\u00fcket. \u0150szint\u00e9n \u00f6r\u00fcl\u00f6k, hogy koll\u00e9gist\u00e1ink \u00e9rzik a koll\u00e9g\u00e1k, nevel\u0151tan\u00e1raik fel\u0151l ir\u00e1nyukba \u00e1rad\u00f3 elfogad\u00e1st, meg\u00e9rt\u00e9st \u00e9s t\u00f6r\u0151d\u00e9st.<\/p>\n\n\n\n<p>Ezt k\u00f6vet\u0151en a koll\u00e9giumi foglalkoz\u00e1sokkal, szabadid\u0151s programokkal kapcsolatban tettem fel k\u00e9rd\u00e9seket. Olyan v\u00e1laszok \u00e9rkeztek, amelyek azt igazolj\u00e1k vissza, hogy j\u00f3 az a k\u00f6z\u00f6ss\u00e9g, az a program \u00e1ltal vezetett \u00fat, amit az int\u00e9zm\u00e9ny c\u00e9lul t\u0171z\u00f6tt ki.<\/p>\n\n\n\n<figure class=\"wp-block-image size-full\"><img loading=\"lazy\" width=\"947\" height=\"400\" src=\"https:\/\/bekk.edu.hu\/new\/wp-content\/uploads\/2025\/07\/image-7.png\" alt=\"\" class=\"wp-image-655\" srcset=\"https:\/\/bekk.edu.hu\/new\/wp-content\/uploads\/2025\/07\/image-7.png 947w, https:\/\/bekk.edu.hu\/new\/wp-content\/uploads\/2025\/07\/image-7-300x127.png 300w, https:\/\/bekk.edu.hu\/new\/wp-content\/uploads\/2025\/07\/image-7-768x324.png 768w, https:\/\/bekk.edu.hu\/new\/wp-content\/uploads\/2025\/07\/image-7-624x264.png 624w\" sizes=\"(max-width: 947px) 100vw, 947px\" \/><\/figure>\n\n\n\n<p>66 di\u00e1k sz\u00e1m\u00e1ra j\u00f3k \u00e9s \u00e9rdekesek a foglalkoz\u00e1sok, 42 f\u0151 tal\u00e1lja azokat ink\u00e1bb \u00e9rdekesnek. 37 f\u0151 tal\u00e1lja a foglalkoz\u00e1sainkat kev\u00e9sb\u00e9 \u00e9rdekesnek, vagy egy\u00e1ltal\u00e1n nem \u00e9rdekesek azok a sz\u00e1m\u00e1ra. Van, aki szerint id\u0151rabl\u00f3k a foglalkoz\u00e1sok, b\u00e1r \u00e9rdekesek.<\/p>\n\n\n\n<figure class=\"wp-block-image size-full\"><img loading=\"lazy\" width=\"947\" height=\"400\" src=\"https:\/\/bekk.edu.hu\/new\/wp-content\/uploads\/2025\/07\/image-8.png\" alt=\"\" class=\"wp-image-656\" srcset=\"https:\/\/bekk.edu.hu\/new\/wp-content\/uploads\/2025\/07\/image-8.png 947w, https:\/\/bekk.edu.hu\/new\/wp-content\/uploads\/2025\/07\/image-8-300x127.png 300w, https:\/\/bekk.edu.hu\/new\/wp-content\/uploads\/2025\/07\/image-8-768x324.png 768w, https:\/\/bekk.edu.hu\/new\/wp-content\/uploads\/2025\/07\/image-8-624x264.png 624w\" sizes=\"(max-width: 947px) 100vw, 947px\" \/><\/figure>\n\n\n\n<p>A szabadid\u0151s programokon sz\u00edvesen r\u00e9szt vesz 35 di\u00e1k, 64 f\u0151 t\u00f6bbs\u00e9g\u00e9ben r\u00e9szt vesz ezeken a foglalkoz\u00e1sokon, m\u00edg 46 f\u0151 v\u00e1llalja, hogy nem igaz\u00e1n van jelen ezen az alkalmakkor.<\/p>\n\n\n\n<p>Utols\u00f3 kifejt\u0151s v\u00e1lasz\u00e1ban minden di\u00e1kunk megoszthatta velem, amit m\u00e9g a fenti k\u00e9rd\u00e9seken k\u00edv\u00fcl szeretett volna k\u00f6z\u00f6lni. Itt 69 visszajelz\u00e9st olvashattam, melyek k\u00f6z\u00fcl 56 azt igazolja vissza, hogy j\u00f3 itt \u00e9lni, mert van, aki befogad\u00f3 k\u00f6zegre tal\u00e1lt, van, akinek nagy ugr\u00e1st jelent az itteni \u00e9lete az azt megel\u0151z\u0151h\u00f6z k\u00e9pest sz\u00ednvonalban.<\/p>\n\n\n\n<p>Nagyon sok sz\u00edvemet melenget\u0151 v\u00e1laszt kaptam, melyek k\u00f6z\u00fcl szeretn\u00e9k n\u00e9h\u00e1ny igaz\u00e1n kedveset megjelen\u00edteni:<\/p>\n\n\n\n<ul><li><em>nagyon j\u00f3 minden, mindenre van id\u0151, j\u00f3l be vannak osztva a foglalkoz\u00e1sok<\/em><\/li><li><em>j\u00f3 hely, szerintem lehetne t\u00f6bb program, ak\u00e1r rendezv\u00e9nyek, ismeretterjeszt\u0151, r\u00f6vid foglalkoz\u00e1s<\/em><\/li><li><em>j\u00f3 itt lenni, csak ne k\u00e9ne suliba j\u00e1rni<\/em><\/li><li><em>minden rendben van \u00edgy, ahogy van! \u00d6r\u00fcl\u00f6k, hogy ennek a koll\u00e9giumnak a di\u00e1kja lehetek!<\/em><\/li><li><em>\u00e9n voltam m\u00e1r t\u00f6bbhelyen is kolis, de nekem ez a hely v\u00e1lt be a legjobban<\/em><\/li><li><em>Egy befogad\u00f3 otthonra leltem itt, ami a m\u00faltbeli \u00e9lm\u00e9nyeimhez hatalmas ugr\u00e1s volt sz\u00ednvonalban \u00e9s tudom, hogy ha m\u00e1r nem leszek a tagja, biztosan j\u00f3 ideig eml\u00e9kezni fogok erre az id\u0151szakra.<\/em><\/li><li><em>Szeretek itt lenni. Szeretem a nevel\u0151ket. A saj\u00e1tomat \u00e9s a t\u00f6bbi tan\u00e1rt is.<\/em><\/li><li><em>El\u00e9g j\u00f3 k\u00f6r\u00fclm\u00e9nyek vannak. J\u00f3, hogy odafigyelnek, hogy \u201eotthon\u201d \u00e9rezz\u00fck magunkat.<\/em><\/li><li><em>j\u00f3 minden, j\u00f3k a programok, szeretem a foglalkoz\u00e1sokat \u00e9s \u00e9rdekesek<\/em><\/li><li><em>\u00c9n nagyon szeretek itt \u00e9lni! Nagyon szeretem a nevel\u0151met!!!<\/em><\/li><li><em>Szeretek a koll\u00e9giumban lenni mert ott jobban \u00e9rzem magam<\/em><\/li><li><em>Nagyon sok foglalkoz\u00e1son r\u00e9szt veszek, sok nem k\u00f6telez\u0151n is \u00e9s kifejezetten tetszett az eg\u00e9szs\u00e9gnapos aul\u00e1s kis rendezv\u00e9ny szer\u0171s\u00e9g viszont javar\u00e9szt k\u00e9s\u0151n vannak foglalkoz\u00e1sok, 7 \u00f3rakor jobb m\u00e1r \u00e1gyban lenni<\/em><\/li><li><em>J\u00f3 itt \u00e9lni, szerettem mindig ide j\u00e1rni ez az utols\u00f3 \u00e9vem (6.) \u00e9s szomor\u00faan fogom elhagyni a koll\u00e9giumot.<\/em><\/li><\/ul>\n\n\n\n<p>B\u00edzom bene, hogy minden jelenlegi, kor\u00e1bbi \u00e9s j\u00f6v\u0151beni koll\u00e9gist\u00e1nk sok hasznos tud\u00e1ssal gazdagodik\/gazdagodott. Legf\u0151k\u00e9pp abban rem\u00e9nykedem, hogy \u00e9vek m\u00falt\u00e1n, amikor m\u00e1r id\u0151ben \u00e9s a h\u00e9tk\u00f6znapok sodr\u00e1s\u00e1ban is messzebb ker\u00fclt a koll\u00e9giumt\u00f3l, j\u00f3 sz\u00edvvel gondol vissza az itt elt\u00f6lt\u00f6tt \u00e9vre\/ \u00e9vekre, egy-egy nevel\u0151tan\u00e1rra, di\u00e1kt\u00e1rsakra.<\/p>\n\n\n\n<p>&nbsp;&nbsp;&nbsp;&nbsp;&nbsp;&nbsp;&nbsp;&nbsp;&nbsp;&nbsp;&nbsp;&nbsp;&nbsp;&nbsp;&nbsp;&nbsp;&nbsp;&nbsp;&nbsp;&nbsp;&nbsp;&nbsp;&nbsp;&nbsp;&nbsp;&nbsp;&nbsp;&nbsp;&nbsp;&nbsp;&nbsp;&nbsp;&nbsp;&nbsp;&nbsp;&nbsp;&nbsp;&nbsp;&nbsp;&nbsp;&nbsp;&nbsp;&nbsp;&nbsp;&nbsp;&nbsp;&nbsp;&nbsp;&nbsp;&nbsp;&nbsp;&nbsp;&nbsp;&nbsp;&nbsp;&nbsp;&nbsp;&nbsp;&nbsp;&nbsp;&nbsp;&nbsp;&nbsp;&nbsp;&nbsp;&nbsp;&nbsp;&nbsp;&nbsp;&nbsp;&nbsp;&nbsp;&nbsp;&nbsp;&nbsp;&nbsp;&nbsp;&nbsp;&nbsp;&nbsp;&nbsp;&nbsp;&nbsp;&nbsp;&nbsp;&nbsp;&nbsp;&nbsp;&nbsp;&nbsp;&nbsp;&nbsp;&nbsp;&nbsp; Vir\u00e1gh Krisztina s.k.<\/p>\n\n\n\n<p>&nbsp;&nbsp;&nbsp;&nbsp;&nbsp;&nbsp;&nbsp;&nbsp;&nbsp;&nbsp;&nbsp;&nbsp;&nbsp;&nbsp;&nbsp;&nbsp;&nbsp;&nbsp;&nbsp;&nbsp;&nbsp;&nbsp;&nbsp;&nbsp;&nbsp;&nbsp;&nbsp;&nbsp;&nbsp;&nbsp;&nbsp;&nbsp;&nbsp;&nbsp;&nbsp;&nbsp;&nbsp;&nbsp;&nbsp;&nbsp;&nbsp;&nbsp;&nbsp;&nbsp;&nbsp;&nbsp;&nbsp;&nbsp;&nbsp;&nbsp;&nbsp;&nbsp;&nbsp;&nbsp;&nbsp;&nbsp;&nbsp;&nbsp;&nbsp;&nbsp;&nbsp;&nbsp;&nbsp;&nbsp;&nbsp;&nbsp;&nbsp;&nbsp;&nbsp;&nbsp;&nbsp;&nbsp;&nbsp;&nbsp;&nbsp;&nbsp;&nbsp;&nbsp;&nbsp;&nbsp;&nbsp;&nbsp;&nbsp;&nbsp;&nbsp;&nbsp;&nbsp;&nbsp;&nbsp;&nbsp;&nbsp;&nbsp;&nbsp;&nbsp; &nbsp;&nbsp;&nbsp;&nbsp;&nbsp;&nbsp;&nbsp; igazgat\u00f3<\/p>\n","protected":false},"excerpt":{"rendered":"<p>Felm\u00e9r\u00e9s a di\u00e1ks\u00e1g k\u00f6r\u00e9ben Ebben a tan\u00e9vben a koll\u00e9gist\u00e1ink v\u00e9lem\u00e9ny\u00e9t k\u00e9rtem egy teljesen n\u00e9vtelen, semmif\u00e9le adatot \u2013 f\u0151k\u00e9nt azonos\u00edt\u00e1sra alkalmas szem\u00e9lyes adatot &#8211; nem gy\u0171jt\u0151 k\u00e9rd\u0151\u00edv seg\u00edts\u00e9g\u00e9vel. A felm\u00e9r\u00e9s c\u00e9ljak\u00e9nt&#8230; <a href=\"https:\/\/bekk.edu.hu\/new\/index.php\/felmeres-2025\/\">Read more &raquo;<\/a><\/p>\n","protected":false},"author":3,"featured_media":0,"parent":0,"menu_order":0,"comment_status":"closed","ping_status":"closed","template":"","meta":[],"_links":{"self":[{"href":"https:\/\/bekk.edu.hu\/new\/index.php\/wp-json\/wp\/v2\/pages\/648"}],"collection":[{"href":"https:\/\/bekk.edu.hu\/new\/index.php\/wp-json\/wp\/v2\/pages"}],"about":[{"href":"https:\/\/bekk.edu.hu\/new\/index.php\/wp-json\/wp\/v2\/types\/page"}],"author":[{"embeddable":true,"href":"https:\/\/bekk.edu.hu\/new\/index.php\/wp-json\/wp\/v2\/users\/3"}],"replies":[{"embeddable":true,"href":"https:\/\/bekk.edu.hu\/new\/index.php\/wp-json\/wp\/v2\/comments?post=648"}],"version-history":[{"count":2,"href":"https:\/\/bekk.edu.hu\/new\/index.php\/wp-json\/wp\/v2\/pages\/648\/revisions"}],"predecessor-version":[{"id":659,"href":"https:\/\/bekk.edu.hu\/new\/index.php\/wp-json\/wp\/v2\/pages\/648\/revisions\/659"}],"wp:attachment":[{"href":"https:\/\/bekk.edu.hu\/new\/index.php\/wp-json\/wp\/v2\/media?parent=648"}],"curies":[{"name":"wp","href":"https:\/\/api.w.org\/{rel}","templated":true}]}}