{"id":34,"date":"2016-03-24T11:13:16","date_gmt":"2016-03-24T11:13:16","guid":{"rendered":"http:\/\/wp.local\/?page_id=34"},"modified":"2025-10-20T13:50:08","modified_gmt":"2025-10-20T13:50:08","slug":"programok","status":"publish","type":"page","link":"https:\/\/bekk.edu.hu\/new\/index.php\/programok\/","title":{"rendered":"Szabadid\u0151s foglalkoz\u00e1sok"},"content":{"rendered":"<p>\u00a0<\/p>\n<p><strong>A tan\u00e9vben&#8230;.<\/strong><\/p>\n<p><a title=\"M-19-es \u00e9p\u00fclet 2019-2020 foglalkoz\u00e1sok\" href=\"http:\/\/bekk.edu.hu\/new\/index.php\/programok\/m-19-es-epulet\/?preview_id=118&amp;preview_nonce=cbd0cb64ac&amp;preview=true\">M-19-es \u00e9p\u00fclet<\/a><\/p>\n<p>\u00a0<\/p>\n\n\n<p><\/p>\n","protected":false},"excerpt":{"rendered":"<p>\u00a0 A tan\u00e9vben&#8230;. M-19-es \u00e9p\u00fclet \u00a0<\/p>\n","protected":false},"author":1,"featured_media":0,"parent":0,"menu_order":0,"comment_status":"closed","ping_status":"closed","template":"","meta":[],"_links":{"self":[{"href":"https:\/\/bekk.edu.hu\/new\/index.php\/wp-json\/wp\/v2\/pages\/34"}],"collection":[{"href":"https:\/\/bekk.edu.hu\/new\/index.php\/wp-json\/wp\/v2\/pages"}],"about":[{"href":"https:\/\/bekk.edu.hu\/new\/index.php\/wp-json\/wp\/v2\/types\/page"}],"author":[{"embeddable":true,"href":"https:\/\/bekk.edu.hu\/new\/index.php\/wp-json\/wp\/v2\/users\/1"}],"replies":[{"embeddable":true,"href":"https:\/\/bekk.edu.hu\/new\/index.php\/wp-json\/wp\/v2\/comments?post=34"}],"version-history":[{"count":13,"href":"https:\/\/bekk.edu.hu\/new\/index.php\/wp-json\/wp\/v2\/pages\/34\/revisions"}],"predecessor-version":[{"id":690,"href":"https:\/\/bekk.edu.hu\/new\/index.php\/wp-json\/wp\/v2\/pages\/34\/revisions\/690"}],"wp:attachment":[{"href":"https:\/\/bekk.edu.hu\/new\/index.php\/wp-json\/wp\/v2\/media?parent=34"}],"curies":[{"name":"wp","href":"https:\/\/api.w.org\/{rel}","templated":true}]}}