{"id":2,"date":"2016-03-24T09:34:39","date_gmt":"2016-03-24T09:34:39","guid":{"rendered":"http:\/\/wp.local\/?page_id=2"},"modified":"2026-03-17T13:39:42","modified_gmt":"2026-03-17T13:39:42","slug":"ez-egy-minta-oldal","status":"publish","type":"page","link":"https:\/\/bekk.edu.hu\/new\/","title":{"rendered":"Aktu\u00e1lis"},"content":{"rendered":"<blockquote><p>Tisztelt L\u00e1togat\u00f3!<\/p>\n<p>\u00dcdv\u00f6z\u00f6lj\u00fck honlapunkon.<\/p>\n<p><strong>Mott\u00f3nk:<\/strong><\/p>\n<p><em><strong>\u201eA vil\u00e1g egyetlen f\u0151iskol\u00e1ja \u00e9s egyeteme sem tehet \u00e9rted t\u00f6bbet, mint hogy seg\u00edt neked seg\u00edteni \u00f6nmagadon.\u201d (Frank Bettger)<\/strong><\/em><\/p>\n<p>A <strong><span style=\"color: #000000;\">Budapesti Egyes\u00edtett K\u00f6z\u00e9piskolai Koll\u00e9gium\u00a0<\/span><\/strong><strong>nevel\u0151tan\u00e1rai szeretettel v\u00e1rj\u00e1k a koll\u00e9gium ir\u00e1nt \u00e9rdekl\u0151d\u0151 di\u00e1kokat.<\/strong><\/p>\n<p>Koll\u00e9giumunk a XIV. ker\u00fcletben, a Mogyor\u00f3di \u00fat elej\u00e9n tal\u00e1lhat\u00f3. A k\u00f6zleked\u00e9s a v\u00e1ros minden ir\u00e1ny\u00e1ba kiv\u00e1l\u00f3: kb. 7 perc s\u00e9t\u00e1ra tal\u00e1lhat\u00f3 a Metr\u00f3 \u00e1llom\u00e1s, t\u00f6bb troli- \u00e9s aut\u00f3buszj\u00e1rat is. <a href=\"https:\/\/www.google.hu\/maps\/place\/Budapest,+Mogyor%C3%B3di+%C3%BAt+19,+1149\/@47.5049785,19.1120232,17z\/data=!3m1!4b1!4m5!3m4!1s0x4741dc9f66f3e717:0x8c7ee871bc4ae64a!8m2!3d47.5049785!4d19.1142119?hl=hu&amp;authuser=0\">T\u00e9rk\u00e9pen<\/a> is megtekintheti koll\u00e9giumunk elhelyezked\u00e9s\u00e9t.<\/p>\n<p><strong>Sz\u00e1ll\u00e1sfoglal\u00e1ssal kapcsolatosan <a href=\"http:\/\/bekk.edu.hu\/new\/wp-admin\/post.php?post=91&amp;action=edit\">itt<\/a>, vagy a Sz\u00e1ll\u00e1slehet\u0151s\u00e9g men\u00fcpontban t\u00e1j\u00e9koz\u00f3dhat.<\/strong><\/p>\n<p><strong>Web el\u00e9rhet\u0151s\u00e9g\u00fcnk: <\/strong>www.bekk.edu.hu<\/p>\n<p><strong>Jelentkezni szem\u00e9lyesen, telefonon, <a href=\"https:\/\/docs.google.com\/forms\/d\/e\/1FAIpQLSeqIs-YDtg3upcksFh-SDtzi1eR3XKRNVzWp5eWnLPu_lx9-g\/viewform?usp=publish-editor\">online<\/a>, vagy a <a href=\"http:\/\/bekk.edu.hu\/new\/wp-content\/uploads\/2026\/03\/2026-2027_jelentkezesi_lap.pdf\">let\u00f6lt\u00f6tt<\/a> jelentkez\u00e9si lap \u00e9s a k\u00e9rt nyilatkozatok (megtal\u00e1lhat\u00f3 a let\u00f6lthet\u0151 dokumentumok k\u00f6z\u00f6tt) visszak\u00fcld\u00e9s\u00e9vel lehet. <\/strong><\/p>\n<p>\u00c9rdekl\u0151d\u00e9seiket telefonon, e-mail-en \u00e9s szem\u00e9lyesen is fogadjuk.<\/p>\n<p>Amennyiben koll\u00e9giumunk felkeltette \u00e9rdekl\u0151d\u00e9s\u00e9t, vagy b\u00e1rmilyen k\u00e9rd\u00e9se ad\u00f3dna a koll\u00e9giumi ell\u00e1t\u00e1ssal kapcsolatban, k\u00e9rem, keressen benn\u00fcnket a <a href=\"http:\/\/bekk.edu.hu\/new\/index.php\/kapcsolat\/\">kapcsolat<\/a> men\u00fcpont alatt tal\u00e1lhat\u00f3 el\u00e9rhet\u0151s\u00e9gek b\u00e1rmelyik\u00e9n.<\/p><\/blockquote>\n","protected":false},"excerpt":{"rendered":"<p>Tisztelt L\u00e1togat\u00f3! \u00dcdv\u00f6z\u00f6lj\u00fck honlapunkon. Mott\u00f3nk: \u201eA vil\u00e1g egyetlen f\u0151iskol\u00e1ja \u00e9s egyeteme sem tehet \u00e9rted t\u00f6bbet, mint hogy seg\u00edt neked seg\u00edteni \u00f6nmagadon.\u201d (Frank Bettger) A Budapesti Egyes\u00edtett K\u00f6z\u00e9piskolai Koll\u00e9gium\u00a0nevel\u0151tan\u00e1rai szeretettel v\u00e1rj\u00e1k&#8230; <a href=\"https:\/\/bekk.edu.hu\/new\/\">Read more &raquo;<\/a><\/p>\n","protected":false},"author":1,"featured_media":0,"parent":0,"menu_order":0,"comment_status":"closed","ping_status":"open","template":"","meta":[],"_links":{"self":[{"href":"https:\/\/bekk.edu.hu\/new\/index.php\/wp-json\/wp\/v2\/pages\/2"}],"collection":[{"href":"https:\/\/bekk.edu.hu\/new\/index.php\/wp-json\/wp\/v2\/pages"}],"about":[{"href":"https:\/\/bekk.edu.hu\/new\/index.php\/wp-json\/wp\/v2\/types\/page"}],"author":[{"embeddable":true,"href":"https:\/\/bekk.edu.hu\/new\/index.php\/wp-json\/wp\/v2\/users\/1"}],"replies":[{"embeddable":true,"href":"https:\/\/bekk.edu.hu\/new\/index.php\/wp-json\/wp\/v2\/comments?post=2"}],"version-history":[{"count":20,"href":"https:\/\/bekk.edu.hu\/new\/index.php\/wp-json\/wp\/v2\/pages\/2\/revisions"}],"predecessor-version":[{"id":743,"href":"https:\/\/bekk.edu.hu\/new\/index.php\/wp-json\/wp\/v2\/pages\/2\/revisions\/743"}],"wp:attachment":[{"href":"https:\/\/bekk.edu.hu\/new\/index.php\/wp-json\/wp\/v2\/media?parent=2"}],"curies":[{"name":"wp","href":"https:\/\/api.w.org\/{rel}","templated":true}]}}

Aktuális

<blockquote><p>Tisztelt Látogató!</p>
<p>Üdvözöljük honlapunkon.</p>
<p><strong>Mottónk:</strong></p>
<p><em><strong>„A világ egyetlen főiskolája és egyeteme sem tehet érted többet, mint hogy segít neked segíteni önmagadon.” (Frank Bettger)</strong></em></p>
<p>A <strong><span style="color: #000000;">Budapesti Egyesített Középiskolai Kollégium </span></strong><strong>nevelőtanárai szeretettel várják a kollégium iránt érdeklődő diákokat.</strong></p>
<p>Kollégiumunk a XIV. kerületben, a Mogyoródi út elején található. A közlekedés a város minden irányába kiváló: kb. 7 perc sétára található a Metró állomás, több troli- és autóbuszjárat is. <a href="https://www.google.hu/maps/place/Budapest,+Mogyor%C3%B3di+%C3%BAt+19,+1149/@47.5049785,19.1120232,17z/data=!3m1!4b1!4m5!3m4!1s0x4741dc9f66f3e717:0x8c7ee871bc4ae64a!8m2!3d47.5049785!4d19.1142119?hl=hu&amp;authuser=0">Térképen</a> is megtekintheti kollégiumunk elhelyezkedését.</p>
<p><strong>Szállásfoglalással kapcsolatosan <a href="http://bekk.edu.hu/new/wp-admin/post.php?post=91&amp;action=edit">itt</a>, vagy a Szálláslehetőség menüpontban tájékozódhat.</strong></p>
<p><strong>Web elérhetőségünk: </strong>www.bekk.edu.hu</p>
<p><strong>Jelentkezni személyesen, telefonon, <a href="https://docs.google.com/forms/d/e/1FAIpQLSeqIs-YDtg3upcksFh-SDtzi1eR3XKRNVzWp5eWnLPu_lx9-g/viewform?usp=publish-editor">online</a>, vagy a <a href="http://bekk.edu.hu/new/wp-content/uploads/2026/03/2026-2027_jelentkezesi_lap.pdf">letöltött</a> jelentkezési lap és a kért nyilatkozatok (megtalálható a letölthető dokumentumok között) visszaküldésével lehet. </strong></p>
<p>Érdeklődéseiket telefonon, e-mail-en és személyesen is fogadjuk.</p>
<p>Amennyiben kollégiumunk felkeltette érdeklődését, vagy bármilyen kérdése adódna a kollégiumi ellátással kapcsolatban, kérem, keressen bennünket a <a href="http://bekk.edu.hu/new/index.php/kapcsolat/">kapcsolat</a> menüpont alatt található elérhetőségek bármelyikén.</p></blockquote>

<p>Tisztelt Látogató! Üdvözöljük honlapunkon. Mottónk: „A világ egyetlen főiskolája és egyeteme sem tehet érted többet, mint hogy segít neked segíteni önmagadon.” (Frank Bettger) A Budapesti Egyesített Középiskolai Kollégium nevelőtanárai szeretettel várják&#8230; <a href="https://bekk.edu.hu/new/">Read more &raquo;</a></p>
